 units digit of s?
4
Suppose -91556 - 43050 = -29*u + 169227. What is the tens digit of u?
7
Suppose 10636 = i - 8645 - 8656. What is the ten thousands digit of i?
2
Let y be ((-135)/10)/(-9)*618/9. Suppose -106*u = -y*u - 402. What is the hundreds digit of u?
1
What is the units digit of 2079 - (-12 - -4) - (5 + -3)*4?
9
Suppose 0 = -11*x + 3*x + 40. Let i(s) = -2*s**3 + 5*s**2 - s - 2. Let a be i(3). What is the tens digit of (-1 + x)*(-161)/a?
4
Suppose -2*s + 563*b = 558*b - 113493, 170154 = 3*s + 2*b. What is the units digit of s?
4
Let t(d) = -1720*d - 1101. What is the thousands digit of t(-20)?
3
Suppose 0*m + 6*m - 48 = 0. Suppose -m*o + 196 + 196 = 0. Suppose -397 = -6*a - o. What is the units digit of a?
8
Suppose 4*z = -4*g + 7851 - 1695, 0 = g - 5*z - 1539. What is the thousands digit of g?
1
Suppose -5*o - 5*c - 5 - 5 = 0, 0 = 4*o - 3*c - 6. Suppose o*s - s = 3*f - 1328, -f + s = -436. What is the tens digit of f?
4
Let k be 6/9 + 332/(-3). Let w = k - -52. Let u = -16 - w. What is the tens digit of u?
4
Suppose -8916 - 47502 = -6*z. What is the units digit of z?
3
Let v(c) = 3*c**3 + 5*c**2 + 19*c - 26. Let k(p) = 5*p**3 + 6*p**2 + 19*p - 27. Let d(z) = 2*k(z) - 3*v(z). What is the units digit of d(9)?
9
Let p(w) = 1513*w**2 + 44*w + 84. What is the hundreds digit of p(-2)?
0
Let c be (-4 - -2)*9/6 - -828. Suppose 3093 = 6*i + c. What is the tens digit of i?
7
Let y(v) = 5*v**2 + 104*v - 14. Let p be y(-21). What is the hundreds digit of 6895/p + -2 + (1 - 0)?
9
Suppose 4*f + f - 2*s - 19 = 0, -4*f + 10 = s. Let i(p) = -10*p + 26*p**2 + 5 + 25*p + p**f - 35*p**2. What is the hundreds digit of i(10)?
2
Let c(y) = 192*y**3 - 147*y + 1056. What is the thousands digit of c(7)?
5
Suppose 0 = 24*w + 22*w - 43*w. Suppose 8*h - 1576 - 208 = w. What is the units digit of h?
3
Suppose 65 = b - 2*t, 4*b + 64 = 5*t + 309. Suppose 3*w + r = 35, 3*w = -8*r + 3*r + b. What is the units digit of w?
0
Let b = 3553 + -936. What is the units digit of b?
7
Let b(v) = 1520*v**2 + 3*v + 6. What is the hundreds digit of b(-1)?
5
Let i(d) = d**2 + 11*d + 10. Let g(p) = -p**3 + 14*p**2 - 2*p + 13. Let b be g(14). Let n be i(b). Suppose -o + n = o. What is the tens digit of o?
3
Suppose -68*q + 61*q + 483 = 0. Let a = q - -950. What is the hundreds digit of a?
0
Let i(b) be the first derivative of -b**4/4 - 10*b**3/3 - 5*b**2/2 - 15*b - 14. Let p be i(-8). Let r = p - -118. What is the units digit of r?
5
Let h(u) be the third derivative of 0*u - 15*u**2 + 1/24*u**4 - 1/30*u**5 + 2/3*u**3 + 3/40*u**6 + 0. What is the units digit of h(2)?
0
Suppose -5*d = 151 - 171. What is the tens digit of d/2*1 - (-22473)/33?
8
Suppose -1312 + 2782 = h. What is the thousands digit of h?
1
Let z(i) = -i**3 + 25*i**2 - 32*i + 61. Let u be z(23). Let b = u + -180. What is the hundreds digit of b?
2
Let n(i) = 21*i**2 - 84*i + 5. Let w(c) = 10*c**2 - 42*c + 3. Let r(z) = -2*n(z) + 5*w(z). What is the tens digit of r(6)?
4
Let o = -35 - -50. Let r(z) = 11*z + o - 9 - 8 + z. What is the units digit of r(4)?
6
Let u(t) = -t + 17. Let q be u(-7). Let o = q - 43. Let y(c) = -2*c - 24. What is the tens digit of y(o)?
1
Suppose -3*u - 3516 = -4*m - 6*u, -2*u + 879 = m. What is the hundreds digit of m?
8
Suppose -749*s + 752*s = 3*t - 18384, 1 = s. What is the tens digit of t?
2
Let f be (1*5/10)/(2/(-472)). Let x = 224 + f. What is the units digit of x?
6
Let f = 34603 + -22411. What is the ten thousands digit of f?
1
Let l(d) = -144*d + 8358. What is the tens digit of l(5)?
3
Let b = 142 + -72. What is the tens digit of 8730/b - (-6)/21?
2
What is the thousands digit of ((-114257)/39 + -10)*(-3 + 0)?
8
Let i(y) = 42*y**3 + 18*y**2 - 8*y - 17. Let d be i(8). Suppose 0 = -21*o - 4*o + d. What is the hundreds digit of o?
9
Suppose -1661*o + 1673*o = 51708. What is the units digit of o?
9
Let h(t) = 348*t - 1960. What is the hundreds digit of h(13)?
5
Let g = 26 + -170. What is the units digit of g/(-2)*3 - -6?
2
Let i(t) = t**3 + 26*t**2 - 27*t + 3. Let d be i(-27). Suppose -d*a = -2*g - 475 - 1584, 2079 = 3*a + 3*g. What is the units digit of a?
9
Let h = -33 + 35. Suppose -9*u = -h*u - 448. Suppose u = -3*o + 4*o. What is the tens digit of o?
6
Suppose 110 + 110 = 5*u - v, -2*u + v = -88. Let r(z) = 2*z + 12*z - u*z**2 + 47*z**2 - 19. What is the tens digit of r(6)?
7
Let b(h) = 17*h - 25 + h**3 + 25*h**2 + 6*h - 3*h - 3*h. What is the units digit of b(-21)?
2
Let r(p) = 34*p - 54. Let j be r(2). Suppose -5141 - 3693 = -j*i. What is the units digit of i?
1
Let r be (3 - -4)/(-1)*-2. Let c be (r*2/(-6))/((-8)/204). Suppose -2*y = -f - c, -290 = -5*y - f - 4*f. What is the tens digit of y?
5
Suppose -7*d + 1 = -566. Suppose 0 = -7*x + 31 + d. Let q = -12 + x. What is the units digit of q?
4
Suppose 0*d - d - 5*j - 3 = 0, -5*j = -5*d + 15. Suppose d*v = -2*g, 9*g - 36 = 4*g + 4*v. What is the units digit of g?
4
Let p = 178 + -156. Suppose -7013 = -p*n - 1205. What is the units digit of n?
4
Suppose 13*m + 27*m = 51280. Suppose m + 2762 = 4*w. What is the thousands digit of w?
1
Let b be (9/36 + 3/(-4))*0. Suppose -8*p + 21 - 5 = b. Suppose 2*y + 4*w = p*w + 390, 4*y - 2*w = 804. What is the hundreds digit of y?
1
Let i(t) = -2*t**3 - 10*t**2 + 4*t + 17. Let k be 4/(-2) + 7 + (-11 - -9). Suppose 5*w + 33 = k. What is the tens digit of i(w)?
6
Suppose 233*a = 232*a - 34. Let g be (-7)/14 - 157/(-2). Let n = g - a. What is the units digit of n?
2
Let w(q) be the first derivative of q**4/4 + 19*q**3/3 + 3*q**2/2 - 41*q + 154. What is the units digit of w(-14)?
7
Let m(k) = k**3 - 10*k**2 + 6*k. Let d be m(5). Let x = 155 - d. What is the hundreds digit of x?
2
Let u(q) = -q - 20. Let r be u(-9). Let a be (-35)/r + 24/(-132). What is the tens digit of 2/(-18)*a*-414?
3
Let l(y) = -55*y + 57. Suppose -4*o = u + 6, -5*o + 19 = -4*u - 5. What is the hundreds digit of l(u)?
3
Suppose -32*n + 30*n = -16. Let h be (-3)/6*(n + 4). What is the units digit of 1/(-7) + h + (-687)/(-7)?
2
Suppose 84*s - 78*s - 1524 = 0. Suppose 2617 + s = 11*q. What is the units digit of q?
1
Let l = 6380 - -391. What is the units digit of l?
1
Let h(n) be the third derivative of 37*n**4/24 + 137*n**3/6 + n**2 - 160*n. What is the hundreds digit of h(10)?
5
Suppose -3 = -3*v, -2*g = -6*v + 3*v - 1091. Let p = 581 - g. What is the tens digit of p?
3
Suppose -10*z + 11*z = 197. Suppose 14*w - z = 6803. What is the hundreds digit of w?
5
Let z be 3*2/2 - -2*1. Let y be ((-4)/16)/(z/(-1420)). Let l = -35 + y. What is the tens digit of l?
3
Suppose 18*w - 16*w + 14063 = r, 5*w - 56265 = -4*r. What is the tens digit of r?
6
Let j = 413 - 411. Suppose j*m - 4170 = -5*b - 1710, -4*b = 3*m - 1975. What is the tens digit of b?
9
Let n(d) = d**3 - 5*d**2 - 7*d + 4. Let k be n(5). Let o = 45 + k. What is the tens digit of (234/(-126))/((-2)/o)?
1
Suppose 3*m + 118 = -2*t + 1849, 4*t - 3532 = 4*m. What is the hundreds digit of t?
8
Let v = -29 + 31. Let m be (v/(-3))/(2/30). What is the tens digit of 1/m*-5 - (-1788)/8?
2
Suppose 75*w + 59*w - 123*w = 72061. What is the units digit of w?
1
Let q(c) = 6*c**2 + 102*c - 1. Let b be q(-17). What is the units digit of (1/3)/(b/(-2517))?
9
Let x = 1032 + -567. What is the tens digit of 17/(2*x/460 + -2)?
8
Let u(f) = 680*f - 1716. What is the units digit of u(5)?
4
Suppose -945*c + 942*c + 69137 = z, -5*z = -5*c + 115195. What is the units digit of c?
4
Let t be (8/14)/((12/(-21))/(-2)). Suppose 3*f = 762 + 219. Suppose t*h = -3*v + 161, -h + 5*v = -5*h + f. What is the units digit of h?
8
Let s(n) = 219*n**2 + 118*n - 1145. What is the ten thousands digit of s(10)?
2
Let t(l) = -l**3 + 59*l**2 + 134*l - 84. What is the hundreds digit of t(46)?
5
Let u be -135 - (-6)/((-24)/28). Let q = 73 - u. What is the units digit of q?
5
Let f be (-5 + 2)/((-9)/12 + 0). Suppose -8 = -f*m + 2*m. Suppose -4*b = -i - 595, -5*b + m*i = -913 + 183. What is the units digit of b?
0
Let n(x) = -8*x - 7. Let k be n(-8). Suppose -s = k - 63. What is the hundreds digit of 620/6*s/5?
1
Let f(h) = 19*h + 9. Let p be f(10). Suppose 1815 = -p*x + 202*x. What is the tens digit of x?
0
Let z(u) = -5*u**2 + 14*u + 1368. What is the thousands digit of z(0)?
1
Let d(y) = -y**3 + 14*y**2 + 30*y - 8. Suppose 4*